3 prime?
True
Is 14709444383 a composite number?
True
Is 4798051751 prime?
True
Is 4919754271 a prime number?
False
Is 100646529881 a prime number?
True
Is 806036087 a prime number?
True
Is 2548830397 composite?
True
Is 3197235449 a prime number?
False
Is 3991619677 a composite number?
False
Is 1743230113 a composite number?
False
Is 659635463 a composite number?
True
Is 79154696537 prime?
False
Is 2473690939 composite?
False
Is 25047132937 a prime number?
False
Is 11780188223 composite?
True
Is 1368528433 composite?
False
Is 7742955007 a composite number?
True
Is 2389479379 prime?
False
Is 230182801103 a prime number?
False
Is 205321607 a prime number?
True
Is 22310187819 prime?
False
Is 34084744073 a composite number?
False
Is 5233412539 composite?
True
Is 3372833287 a prime number?
False
Is 7425447637 a prime number?
False
Is 30102338353 prime?
True
Is 13583670307 a prime number?
True
Is 315594490501 prime?
False
Is 158287311313 a prime number?
True
Is 25720849457 composite?
False
Is 579940503 a prime number?
False
Is 184911539 composite?
True
Is 557726251 a prime number?
True
Is 84361892023 composite?
False
Is 7868648323 prime?
False
Is 1029326671 composite?
True
Is 26018351659 prime?
False
Is 682702467 composite?
True
Is 7074126833 a composite number?
False
Is 2868347159 a composite number?
False
Is 139898163238 prime?
False
Is 590806927 composite?
False
Is 46463851673 a prime number?
True
Is 185787739 a composite number?
False
Is 55181512741 composite?
True
Is 105575112043 a prime number?
True
Is 11129675467 prime?
False
Is 2922111433 prime?
False
Is 2534709811 a composite number?
False
Is 1827569701 a prime number?
False
Is 70955855409 composite?
True
Is 113757332417 prime?
False
Is 2663110699 prime?
False
Is 12192119087 prime?
False
Is 19621565485 prime?
False
Is 170762401 a composite number?
False
Is 4741421 composite?
True
Is 5097613123 a composite number?
True
Is 11243298001 prime?
False
Is 926226071 prime?
True
Is 358068779 prime?
True
Is 342569532223 a composite number?
False
Is 233822749 prime?
True
Is 951268319 composite?
False
Is 3044218699 prime?
False
Is 881235763 prime?
True
Is 565356661 a composite number?
True
Is 69989725819 composite?
True
Is 3848097863 composite?
False
Is 615387319 a prime number?
False
Is 2008078889 a composite number?
False
Is 1219463083 prime?
True
Is 27104662883 prime?
True
Is 79509278521 a prime number?
False
Is 21945397 prime?
True
Is 802171789 a composite number?
False
Is 2357679421 prime?
False
Is 944641829 a composite number?
True
Is 2239964953 a composite number?
True
Is 21772547 composite?
True
Is 3112827997 a prime number?
True
Is 1348838107 a prime number?
False
Is 17922293617 composite?
True
Is 12052973371 prime?
True
Is 272471613565 composite?
True
Is 704767873 a composite number?
False
Is 1447739879 a composite number?
False
Is 1092736087 a composite number?
False
Is 3536284027 a prime number?
True
Is 25436529487 prime?
False
Is 22410271889 prime?
True
Is 1081158149 composite?
False
Is 3077179207 composite?
False
Is 590013481 a composite number?
False
Is 1077415553 composite?
False
Is 1249046459 a prime number?
True
Is 269934001 composite?
True
Is 493154413 a composite number?
True
Is 31579713217 prime?
False
Is 378127181 a composite number?
True
Is 1739685469 composite?
True
Is 9471482831 composite?
False
Is 103134041 a composite number?
False
Is 15823132837 prime?
False
Is 7083102959 a composite number?
True
Is 907895567 a composite number?
False
Is 7622163193 composite?
False
Is 1679401903 prime?
True
Is 9776569981 prime?
True
Is 2798634883 composite?
True
Is 160155115 a prime number?
False
Is 91225009393 prime?
False
Is 4327208399 a prime number?
True
Is 3156709439 prime?
False
Is 21950368183 composite?
True
Is 351270859 prime?
False
Is 139167097 composite?
False
Is 29467343393 a composite number?
False
Is 402825299 a composite number?
False
Is 994896938357 a prime number?
False
Is 32589517 a prime number?
True
Is 38663940197 a prime number?
False
Is 10347847049 prime?
True
Is 5473158307 composite?
False
Is 2145506293 composite?
True
Is 2887730927 prime?
True
Is 294235751 a prime number?
True
Is 92767681 prime?
False
Is 6752405063 a prime number?
False
Is 5137990246 prime?
False
Is 8934466397 prime?
False
Is 133913789 a composite number?
False
Is 310433482 a prime number?
False
Is 293671588701 composite?
True
Is 142878679 a prime number?
False
Is 10061943058 prime?
False
Is 403259869 a prime number?
True
Is 2667870433 a prime number?
False
Is 2964314609 a prime number?
True
Is 15076401191 a composite number?
False
Is 38963678711 composite?
True
Is 248593339 composite?
False
Is 13346955007 a prime number?
True
Is 3328799237 composite?
False
Is 26443434653 a composite number?
False
Is 129511397 a composite number?
True
Is 83962693 a composite number?
False
Is 306053099 a prime number?
False
Is 874758041 a composite number?
True
Is 31222676419 prime?
False
Is 67566691061 a composite number?
True
Is 634106639 a prime number?
False
Is 516339451 composite?
True
Is 26166107 a composite number?
True
Is 169738997 composite?
True
Is 243110051 prime?
True
Is 874902109 a prime number?
True
Is 38849372597 composite?
True
Is 13527666577 prime?
False
Is 1624702843 prime?
False
Is 312787963 a composite number?
True
Is 3051123433 composite?
True
Is 1838110333 a composite number?
False
Is 26533218769 a composite number?
True
Is 704799173 a prime number?
False
Is 17657342779 composite?
True
Is 33372511 a composite number?
False
Is 3468159403 composite?
True
Is 18522566417 a composite number?
False
Is 5942778811 prime?
True
Is 43808254321 prime?
False
Is 509376617 composite?
False
Is 5708238411 a prime number?
False
Is 813622463 prime?
False
Is 10443399193 composite?
False
Is 21711433 prime?
False
Is 40081297 a prime number?
True
Is 1784932483 a prime number?
True
Is 49055966161 prime?
True
Is 520478357 prime?
False
Is 5442809807 a prime number?
True
Is 34538074271 a composite number?
False
Is 1409182765 a prime number?
False
Is 459007349 a composite number?
True
Is 20396024971 a composite number?
True
Is 51739013467 a composite number?
False
Is 22319889329 a composite number?
False
Is 8073206867 composite?
True
Is 14776452367 composite?
True
Is 7172570057 composite?
False
Is 104390864759 a composite number?
False
Is 42378726723 prime?
False
Is 190397737 prime?
True
Is 1734947003 prime?
True
Is 930468445 a prime number?
False
Is 9512389505 a prime number?
False
Is 18239038907 a prime number?
True
Is 6066738571 a prime number?
True
Is 2686827697 a composite number?
True
Is 227501447 prime?
True
Is 23313077 a prime number?
False
Is 15975767251 a prime number?
True
Is 10323634649 a prime number?
True
Is 11176462771 prime?
True
Is 70611660191 composite?
False
Is 1836170897 a composite number?
True
Is 256156189 composite?
False
Is 9806828989 prime?
True
Is 1719585971 a prime number?
True
Is 59372303 composite?
False
Is 2830726102 prime?
False
Is 950877923 a prime number?
True
Is 2074082403 prime?
False
Is 814519859 composite?
False
Is 851057458 prime?
False
Is 9201182647 prime?
True
Is 332459053 composite?
True
Is 5503509373 composite?
False
Is 21828586097 prime?
True
Is 1356987147 a prime number?
False
Is 14105042527 a prime number?
True
Is 137620577 prime?
True
Is 2787706477 a composite number?
False
Is 2445788362 a prime number?
False
Is 754503881 composite?
False
Is 8724659033 composite?
True
Is 87505622331 prime?
False
Is 452982007 prime?
False
Is 5283020557 a composite number?
False
Is 317423297 composite?
False
Is 62550742003 a composite number?
True
Is 3501769753 a prime number?
False
Is 223234719893 a composite number?
False
Is 1292163911 prime?
False
Is 5056486529 a prime number?
True
Is 21373982161 a prime number?
False
Is 64424282789 composite?
False
Is 1572286681 prime?
False
Is 90182501993 a prime number?
True
Is 65561354273 a prime number?
True
Is 828422191 prime?
True
Is 4062491579 a composite number?
False
Is 4517605723 a composite number?
False
Is 390307061557 a composite number?
True
Is 78829045 a prime number?
False
Is 39878478785 a prime number?
False
Is 6070002343 a prime number?
True
Is 19153288361 composite?
False
Is 113741453831 a composite number?
False
Is 29855198683 a composit